*t - 116018. Determine g(-92).
-6
Let l(u) = -13*u - 989. Determine l(-81).
64
Let k(g) = 17*g**3 - 184*g**2 + 3*g + 14. Give k(11).
410
Let y(g) = g**3 - 36*g**2 - 76*g - 77. Determine y(38).
-77
Let z(x) = x**3 - 50*x**2 + 613*x - 119. Give z(29).
-3
Let s(j) = 3*j**3 + 40*j**2 + 11*j - 7. Calculate s(-13).
19
Let m(x) = 925*x + 23098. Calculate m(-25).
-27
Let k(p) = 608*p + 7906. Give k(-13).
2
Let c(h) = -h**3 + 118*h**2 + 87*h + 3815. What is c(119)?
7
Let y(q) = 368*q + 49313. What is y(-134)?
1
Let s(c) = 56*c - 1456. What is s(26)?
0
Let r(d) = -32*d**2 + 34*d - 35. Calculate r(1).
-33
Let d(s) = -s**3 + 12*s**2 + 247*s - 2832. Calculate d(11).
6
Let w(a) = -371*a - 736. Give w(-2).
6
Let f(s) = 2*s**3 + 62*s**2 - 83*s - 633. Determine f(-32).
-25
Let f(h) = -23*h**2 - 36*h - 2. Calculate f(-1).
11
Let q(h) = -176*h**3 - 3*h**2 + 4*h + 5. Determine q(-1).
174
Let m(i) = -116*i + 245. Determine m(5).
-335
Let t(n) = -n**2 + 31*n - 266. Give t(17).
-28
Let f(v) = -6*v**2 - 153*v - 838. Determine f(-8).
2
Let c(b) = -b**3 - 40*b**2 - 195*b + 341. Determine c(-34).
35
Let q(f) = -f**2 - 6*f + 315. Calculate q(-22).
-37
Let c(b) = -12*b + 15. Give c(0).
15
Let s(y) = 93*y**2 + 7626*y - 12. Determine s(-82).
-12
Let s(f) = -f**3 - 54*f**2 + 314*f + 1114. Determine s(-59).
-7
Let l(n) = 2*n**3 - 83*n**2 + 51*n - 137. Give l(41).
273
Let v(b) = 9*b**2 + 215*b - 45. Give v(-24).
-21
Let s(w) = w**3 - 39*w**2 + 71*w + 57. Give s(37).
-54
Let s(t) = -540*t - 25894. What is s(-48)?
26
Let q(s) = -s**3 - 7*s**2 + 151*s + 800. What is q(-5)?
-5
Let s(o) = o**2 - 8*o - 34. Calculate s(-6).
50
Let y(c) = 594*c - 118211. Calculate y(199).
-5
Let z(b) = -b**3 + 18*b**2 + 21*b - 43. Determine z(19).
-5
Let q(n) = 204*n - 1641. Calculate q(8).
-9
Let x(z) = -2*z**2 - 50*z + 708. Determine x(10).
8
Let n(p) = -8*p**3 - 80*p**2 - 6*p - 60. What is n(-10)?
0
Let w(b) = 15*b**3 - 406*b**2 + 34*b - 181. Give w(27).
8
Let u(n) = n**2 - 100*n + 649. Give u(93).
-2
Let q(v) = -4*v**3 + 5*v**2 - 15*v - 38. Determine q(-4).
358
Let a(y) = -2*y**3 - 56*y**2 - 12*y - 330. What is a(-28)?
6
Let l(u) = 3*u**2 + 343*u + 478. Give l(-113).
26
Let h(u) = -4*u**3 + 4*u**2 + 3*u - 4. What is h(2)?
-14
Let o(a) = -a**3 + 30*a**2 + 155*a + 8. Determine o(34).
654
Let g(d) = 202*d + 828. Determine g(-3).
222
Let s(f) = 105*f - 3986. Calculate s(38).
4
Let r(i) = 7*i**2 + 30*i - 61. What is r(2)?
27
Let v(m) = -3*m + 266. Give v(92).
-10
Let p(r) = 62*r - 381. Calculate p(6).
-9
Let y(c) = -c**3 - 4*c**2 + 241*c + 962. Calculate y(-4).
-2
Let y(q) = 64*q - 1335. Calculate y(21).
9
Let s(c) = -c**2 - 80*c - 437. Determine s(-6).
7
Let n(k) = 3*k**2 - 102*k - 709. Determine n(39).
-124
Let b(v) = 42*v - 61. Calculate b(1).
-19
Let p(y) = y**3 - y**2 + 1078*y + 3268. Determine p(-3).
-2
Let b(x) = 2*x**3 + 23*x**2 + 8*x - 60. Give b(-11).
-27
Let v(l) = -l**3 - 156*l**2 - 338*l + 18517. Calculate v(-153).
4
Let a(n) = -432*n - 143. Determine a(0).
-143
Let q(y) = -y**3 - 22*y**2 + 410*y + 47. Determine q(-34).
-21
Let f(c) = -238*c - 14953. Calculate f(-63).
41
Let n(g) = 29*g + 485. What is n(-16)?
21
Let y(v) = -764*v - 4591. Determine y(-6).
-7
Let u(g) = 6*g**3 - 62*g**2 - 415*g - 76. What is u(15)?
-1
Let h(n) = n**2 - 46*n - 626. What is h(-11)?
1
Let c(u) = -u**2 - 19*u + 7. Give c(-13).
85
Let x(v) = 1666*v - 8398. Determine x(5).
-68
Let g(y) = -66*y - 8. What is g(-1)?
58
Let n(t) = -t**3 + 54*t**2 + 83*t - 1554. Calculate n(55).
-14
Let x(c) = 17*c - 184. Determine x(21).
173
Let d(z) = 24*z + 259. Determine d(-38).
-653
Let u(p) = 2*p**3 - p**2 - 6*p + 12. Give u(-2).
4
Let b(t) = 504*t - 47871. Give b(95).
9
Let v(s) = 4*s**2 + 16*s + 15. Determine v(-9).
195
Let g(m) = 2*m**3 + 31*m**2 + 41*m - 24. What is g(-14)?
-10
Let z(a) = -8*a**2 + 232*a - 972. Calculate z(5).
-12
Let b(q) = 6*q**3 + 7*q**2 - 5*q - 12. Calculate b(2).
54
Let s(b) = b**3 + 11*b**2 - 4*b + 30. What is s(-7)?
254
Let u(n) = n**2 + 34*n + 180. What is u(-20)?
-100
Let s(o) = -63111*o + 189332. Give s(3).
-1
Let d(v) = -1738*v - 3476. What is d(-2)?
0
Let o(k) = 760*k + 4562. What is o(-6)?
2
Let n(z) = -194*z + 2129. Calculate n(11).
-5
Let u(t) = -264*t**2 - 148*t + 149. What is u(1)?
-263
Let s(f) = 113*f + 6. What is s(-2)?
-220
Let m(z) = -60*z + 771. Give m(12).
51
Let b(j) = -445*j + 550. Calculate b(1).
105
Let p(j) = -j**2 + 81*j + 4990. Give p(122).
-12
Let t(o) = 360*o - 2891. Give t(8).
-11
Let m(t) = -t**2 + 4*t + 103. Determine m(12).
7
Let i(m) = -408*m - 2226. Calculate i(-6).
222
Let f(y) = 32*y + 55. Calculate f(-4).
-73
Let d(h) = -8*h**2 + 6*h - 7. Give d(-5).
-237
Let k(f) = 119*f**3 + 3*f**2 - 6*f + 1. Give k(1).
117
Let f(s) = -3*s**2 + 106*s - 669. Give f(6).
-141
Let n(i) = 178*i + 13. Determine n(0).
13
Let l(k) = 33*k**2 + 194*k - 32. Calculate l(-6).
-8
Let j(w) = 4*w**2 - 108*w + 28. Determine j(26).
-76
Let u(p) = 9*p - 89. What is u(9)?
-8
Let x(y) = 5*y**2 - 319*y + 6. What is x(0)?
6
Let k(n) = -3*n**2 + 2096*n - 2094. Determine k(1).
-1
Let l(s) = -83*s - 7150. Calculate l(-86).
-12
Let c(b) = 16*b - 1358. What is c(93)?
130
Let u(l) = -l**3 - 53*l**2 - 144*l + 234. What is u(-50)?
-66
Let o(l) = -32*l**2 - 2752*l + 6. Calculate o(-86).
6
Let j(c) = -c**3 + 85*c**2 - 544*c + 49. Calculate j(7).
63
Let f(t) = 17*t - 611. Determine f(38).
35
Let a(f) = 3670*f - 22038. What is a(6)?
-18
Let s(r) = -r**2 + 119*r + 1287. Give s(129).
-3
Let k(g) = -12*g - 77. Give k(5).
-137
Let r(t) = 40*t + 1597. Calculate r(-40).
-3
Let b(y) = -y**3 - 16*y**2 + 2*y + 49. Determine b(-16).
17
Let h(x) = 1205*x - 62706. Calculate h(52).
-46
Let u(n) = -15*n**3 + 362*n**2 + 368*n + 5. Calculate u(-1).
14
Let c(b) = 13*b**2 - 590*b - 365. Calculate c(46).
3
Let d(f) = 63*f + 512. Determine d(-8).
8
Let j(f) = -f**3 - 19*f**2 - 77*f - 53. Give j(-5).
-18
Let x(h) = h**3 + 14*h**2 + 12*h - 20. Calculate x(-12).
124
Let h(x) = -2*x**2 - 86*x + 1744. Give h(-57).
148
Let g(c) = -88*c**2 - 880*c + 58. Determine g(-10).
58
Let q(t) = t**3 + 14*t**2 + 4*t + 266. What is q(-15)?
-19
Let m(w) = -w**3 - 14*w**2 - 45*w - 193. What is m(-12)?
59
Let o(j) = -2*j**3 + 91*j**2 + 47*j - 55. What is o(46)?
-9
Let u(o) = -11*o - 19. Give u(9).
-118
Let d(p) = 2*p**2 - 3*p - 58. What is d(-5)?
7
Let n(h) = -6*h**2 - 362*h - 55. Determine n(-60).
65
Let m(o) = -10*o - 424. Determine m(-30).
-124
Let p(s) = -s**2 - 87*s + 23. Give p(-87).
23
Let s(b) = -331*b + 48001. What is s(145)?
6
Let t(w) = w**3 - w**2 - 6*w + 15. Calculate t(5).
85
Let g(l) = 341*l - 9221. What is g(27)?
-14
Let l(m) = m**3 + 8*m**2 - 30*m - 13. Calculate l(-8).
227
Let w(d) = -101*d**2 + 15757*d - 166. Calculate w(156).
-10
Let h(p) = p**3 - 54*p**2 + 106*p + 255. Calculate h(52).
359
Let r(c) = c**3 - 37*c**2 + 207*c + 124. Calculate r(30).
34
Let o(l) = 33*l + 628. Determine o(-36).
-560
Let v(j) = 44*j - 318. Calculate v(7).
-10
Let f(d) = 33*d - 796. Calculate f(25).
29
Let v(g) = -2*g**3 + 95*g**2 - 42*g - 94. Give v(47).
141
Let r(z) = -37*z - 1739. What is r(-47)?
0
Let p(b) = -35*b + 459. What is p(14)?
-31
Let g(b) = -b**2 + 43*b + 131. Give g(45).
41
Let c(w) = -w**2 + 6*w + 32. Calculate c(-5).
-23
Let d(f) = f**2 - 14*f - 86. What is d(20)?
34
Let f(z) = 5*z**3 + 8*z**2 - 8*z - 31. Give f(-4).
-191
Let v(c) = c**3 + 56*c**2 + 489*c - 55. Determine v(-11).
11
Let i(z) = 29*z**2 + 584*z - 519. Give i(-21).
6
Let i(t) = -3*t**2 - 100*t + 66073. What is i(-166)?
5
Let w(f) = -f**3 - 70*f - 309. Calculate w(-4).
35
Let w(p) = -10*p**2 - 2*p - 191. Give w(0).
-191
Let q(r) = -610*r + 2473. What is q(4)?
33
Let s(d) = -d**3 + 40*d**2 - 48*d + 266. Give s(39).
-85
Let l(c) = 3*c**3 + 31*c**2 - 144*c - 1358. Determine l(-11).
-16
Let q(w) = -w**3 + 189*w**2 - 553*w - 933. Calculate q(186).
-3
Let t(m) = 3700*m + 12. Calculate t(0).
12
Let q(v) = 54*v + 1910. Give q(-38).
-142
Let o(p) = -440*p + 11889. Give o(27).
9
Let k(q) = -4*q**2 - 1. Determine k(1).
-5
Let c(v) = v**2 - 28*v - 28. Give c(28).
-28
Let d(x) = -6*x**2 - 560*x + 1703. What is d(3)?
-31
Let o(c) = -6*c**2 + 92*c - 15. Determine o(16).
-79
Let m(f) = 200*f + 6. Determine m(0).
6
Let d(f) = -f**3 - 5*f**2 + 4*f + 22. Determine d(-6).
34
Let j(l) = 104007*l - 